 13*b**2 + 13*b - 2. Let a(o) = 7*o**2 + 7*o - 1. Let g(r) = 11*a(r) - 6*p(r). Determine g(c).
1
Let l(n) be the first derivative of n**6/360 - n**5/20 - n**4/6 + 5*n**3 + 10. Let f(p) be the third derivative of l(p). Give f(7).
3
Let d(c) = -33*c**2 + 5*c**3 + 12 - 11*c + 44*c**2 - 4*c**3. Determine d(-12).
0
Let g = -331 + 340. Let l(b) = -b**2 + 7*b + 13. Give l(g).
-5
Let w be -6*5*(-4)/30. Let y(z) = z - 5. Determine y(w).
-1
Let f(o) = -o**2 + 9*o + 2. Suppose 13*n - 15*n + 2*j = 0, -25 = -5*j. Suppose 4*c + 16 = 2*u, -n*u + 31 = -8*c + 7*c. Give f(u).
20
Let f(b) = -2*b**3 + 1. Let v be ((-7)/(-7))/((-1)/(-3)). Let h = v + -2. Calculate f(h).
-1
Let q(k) = -1. Let m(y) = y**3 + 7*y**2 - y - 9. Let f be m(-7). Let l(c) = -c - 4. Let z(a) = f*q(a) + l(a). Determine z(-4).
2
Let w(u) = u**2 + 4*u - 8. Let d be (7 - 0 - 9) + 0 + -5. Calculate w(d).
13
Let n(v) = v**2 - 5*v - 7. Let g be (6 - 8)*3/2. Let w(b) = b**2 - 5*b - 8. Let z(t) = g*w(t) + 4*n(t). Determine z(6).
2
Suppose 0 = 6*j - 12 - 6. Let w(v) be the second derivative of v**3/6 + v**2/2 - 4*v. Calculate w(j).
4
Let z(d) = -100*d - 26 + 63*d + 39*d. Calculate z(8).
-10
Suppose -d + 13 = 2*l, 3*l - 3*d = 5*l - 23. Let y(a) = 3*a**3 + a**2 + 2*a**2 + 2*a - l*a**3 + 2*a**3. What is y(-2)?
0
Let t be -6 - 2*1/(-2). Suppose 5*p + 9 = 2*p + 3*d, 0 = 4*d - 16. Let w(a) = -a. Let f(q) = -1. Let m(n) = p*w(n) + 6*f(n). What is m(t)?
-1
Let y(l) = -2*l + 34. Suppose 4*d - t - 61 = 0, 5*t = 5*d + 57 - 152. Determine y(d).
6
Let f be 0 + 1 + 2/2. Let i(k) = -18 + k + k**2 - 2*k + k**2 + 16. What is i(f)?
4
Let k(x) = -2*x - 21. Let m be 1 + -11 + -1*(2 + -1). What is k(m)?
1
Let x = 338 - 485. Let b = x - -146. Let q(u) = -8*u - 1. Calculate q(b).
7
Let i(p) = -6*p**3 + 4*p**2 + 3. Let g(k) = -4*k**2 - 1. Let w(r) = r**2. Let n(y) = -g(y) - 3*w(y). Let f(z) = i(z) - 4*n(z). Determine f(-1).
5
Let w(c) = c**2 + 332 - 170 - 160 + 4*c. What is w(-7)?
23
Let l(u) = -u**2 + 2*u + 8. Let k be l(4). Suppose k*z = -2*z. Suppose -i + 13 = 5*t, z*i = 2*i - 4*t + 16. Let y(b) = -b**3 + b**2 + b - 1. Determine y(i).
9
Let m(l) = -l**3 - 9*l**2 - 9*l - 5. Let n(t) = t**2 - 17*t + 22. Suppose 7 = -7*a + 112. Let g be n(a). Calculate m(g).
3
Suppose 2*q + 0*r - 2*r = -14, 11 = -2*q + 5*r. Let y(h) be the second derivative of h**3/6 + h**2 + 649*h. Give y(q).
-6
Let b(k) = -7 + 12 - 2 - 16*k + 11*k + 16. Determine b(5).
-6
Let i(c) = 144*c + 3 + 19*c**2 - c**3 + 141*c + 0 - 265*c. Give i(20).
3
Suppose -2*s - 5*k + 24 = 0, 5*k = 3*s - 2*s + 18. Let r(d) = -d**2 - d - 2. Give r(s).
-8
Suppose 6*j = -16*j - 88. Let n(i) = -2*i - 8. Give n(j).
0
Let u(f) = f**2 - 3. Let q(p) be the third derivative of p**5/20 + p**4/12 + p**3/3 + 2*p**2. Let v be q(-1). Determine u(v).
6
Let f(g) be the second derivative of -g**3/6 + 11*g**2/2 - 10*g. Let b be f(7). Suppose -d - b*j = 7, 5*d + 0 + 14 = j. Let v(a) = -2*a - 4. Give v(d).
2
Suppose -q - 5*k = -19, -31 = q - 3*q - 3*k. Let g = q + -3. Let p = -12 + g. Let f(i) = 8*i**2 + 1. Determine f(p).
9
Let t be (-1)/(-5) - 72/(-15). Suppose 4*p + 14 = 5*f, 2*f + 0*f - t*p + 8 = 0. Let r(q) = 4*q**3 - q - 5*q**3 + 7*q**2 - 6*q - 2. Give r(f).
-8
Suppose 10*g = 27*g - 136. Let s(h) = -3*h + 11. Give s(g).
-13
Let v be (-1 - (-1)/(-1))/(-1). Let p(z) be the third derivative of z**6/360 + 11*z**4/24 + 6*z**2. Let w(i) be the second derivative of p(i). Give w(v).
4
Suppose -2*t + 284 - 274 = 0. Let d = 4 - 1. Let b(i) = 2*i + 1 - 3*i + d. Give b(t).
-1
Let r(z) be the second derivative of -z**4/12 - z**3/3 + z**2/2 + z + 19. Give r(1).
-2
Suppose p + 3 = -0*p. Suppose -r - 9 = -4*r, 5*k + 2*r = 36. Let d(b) = 3*b - 4. Let h(q) = -8*q + 12. Let v(g) = k*h(g) + 17*d(g). Determine v(p).
-5
Let f(j) = 1 - 3*j + 2*j + 3*j. Let q be (0/(4 + -3))/3. Let p be (2/(-6) - q)/(10/(-30)). Give f(p).
3
Let c = -1305 - -1299. Let x(s) = s**2 + 9*s - 3. Give x(c).
-21
Let b = -6 + 3. Let n(p) = -25*p - 16*p**3 + 15*p**3 - 2*p**2 + 26*p. Determine n(b).
6
Let a(n) = -n**2 + 11*n - 12. Let o be a(9). Let g be (2 - 4) + o - 7. Let m(h) = -h**2 - h - 1. Calculate m(g).
-7
Let k(x) be the first derivative of x**2 + 2. Suppose -j = 1 - 3. Suppose j*s = 3*s + 1. Determine k(s).
-2
Let t(u) = 17*u**3 + 6*u + 6. Let b(x) = 100*x**3 + 35*x + 35. Let g(s) = 6*b(s) - 35*t(s). Calculate g(1).
5
Let g(b) = -4 - 223*b + 5 + 224*b. Determine g(2).
3
Let f(p) = p - 7. Suppose -2*m + 14 = -3*t + t, -5*t - 14 = -2*m. Let v be (-4)/(-2 + -2 + 0)*m. Determine f(v).
0
Let x(o) = -11*o**2 + 51*o - 2. Let u(b) = -5*b**2 + 23*b - 1. Let d(q) = 9*u(q) - 4*x(q). Determine d(3).
-1
Let x(j) be the second derivative of -j**3/2 + 3*j**2/2 - j. Suppose -45*w = -31*w - 42. Give x(w).
-6
Let v(z) = z - 2. Suppose 6*a = 2*a - 44. Determine v(a).
-13
Let d(a) = a**2 - 7*a - 5. Suppose 2*s = -2*i + 24, 4*i - 34 = -8*s + 6*s. Determine d(s).
-5
Suppose -5*j = 2*l - 118, 5*j + 0*l - 2*l = 122. Suppose 21*h - j*h - 21 = 0. Let w(i) = i**2 + 8*i. Calculate w(h).
-7
Let n(p) be the third derivative of p**5/60 + p**4/3 + 4*p**3/3 - 758*p**2. Let h(s) = -s. Let u be h(6). What is n(u)?
-4
Let i(k) be the first derivative of k**2 + 7*k + 62. What is i(-13)?
-19
Suppose -f - 18 = -5*t - 4, 2*f = 5*t - 13. Let w(q) = -4*q + 1. Let i be w(-1). Let m be i*2*f/(-2). Let b(x) = -x - 6. What is b(m)?
-1
Let d be (2/4)/((-8)/(-32)). Let n be (28/20 - d)*5. Let u(q) = 2*q**2 + 1 - 2*q**2 + 3*q + 0*q - q**3 - q**2. Determine u(n).
10
Let o(c) = -1. Let z(v) = -v + 8. Let g(w) = 40*o(w) + 5*z(w). Let s(j) = -j**3 - 13*j**2 - 12*j + 21. Let a be s(-12). Let h = a - 23. Give g(h).
10
Let m be (1 - 1)*5/(-10). Suppose 2*h + 2*o + 14 = m, 2*h + 15 = -4*o - 7. Let t(c) = -c - 2*c - 4 + 31*c**2 + c + c**3 - 28*c**2. Give t(h).
2
Let z = 29 + -59. Let k = 29 + z. Let q(y) = -4*y**2 - 2*y - 1. Give q(k).
-3
Let a(g) = 2*g. Let w(h) = -h**3 - h**2 - h. Let b be w(0). Let l be 3*(b - (4 + -3)). Let j be (l/3 + 0)*-3. Give a(j).
6
Let g(d) = -16 - 8 - 8 - 6 + d**3 + 20. Calculate g(0).
-18
Suppose -77*l + 65*l = 0. Let k(y) = -2 + 4 - y**3 - 3 + y. Give k(l).
-1
Let i(j) be the first derivative of -j**4/4 + 2*j**3/3 + j**2/2 + 3*j - 39. Let h(n) = n**2 - 2*n - 5. Let u = -4 + 8. Let c be h(u). What is i(c)?
-3
Suppose -4*m + 7 = -5*f + 23, 4*f - 11 = 5*m. Let j(v) be the third derivative of 5*v**4/12 - 204*v**2 + v. What is j(m)?
10
Let g(d) be the second derivative of -d**3/2 + d**2/2 - d + 48. What is g(2)?
-5
Let r(h) = h**3 - 2*h**2 - 2*h - 4. Suppose -18 = -4*t + 2*t. Suppose 11*v = 8*v + t. Determine r(v).
-1
Let x(w) = 2*w**3 - 3*w**2 + 2*w - 3. Let s be 0 + 84/(-10) + 12/(-20). Let g = -27 + 38. Let o = s + g. Determine x(o).
5
Let t(q) = q**3 - 6*q**2 - 3*q + 3. Let o = -56 - -39. Let z = -11 - o. Calculate t(z).
-15
Let u(t) = -t**3 + 16*t**2 - 14*t + 221. Let g be u(16). Let d(m) = -6*m**2 - 2*m. Give d(g).
-48
Let q(y) = -y**3 - 4*y**2 - 5*y - 3. Let d = 133 - 124. Suppose -6*c + 3*c - d = -2*g, 5*c + 15 = -3*g. Give q(c).
3
Let z(c) be the first derivative of c**4/4 + 4*c**3/3 - 4*c - 32. Let p(o) = -o**2 + 3*o + 7. Let m be p(5). Give z(m).
5
Let c(v) = -2*v**3 + v - 1. Let t(i) = 3*i**3 + i**2 + 3. Let r(d) = 2*c(d) + t(d). What is r(-1)?
1
Let h = -14 + 20. Let j be ((-2)/(-5))/((-33)/(-165)). Let x(a) = -a + h*a**2 - 7*a**j - 7*a + a. Calculate x(-6).
6
Suppose 2*z + 0 - 2 = 0. Let j(f) = 3*f - 1. Let g be j(z). Suppose g*m = -0*m + 8. Let c(n) = n**2 - 5*n + 2. Determine c(m).
-2
Let l = -55 - -63. Let w(m) = -6 - m + 19 - 8 - l. Calculate w(0).
-3
Let q(j) be the second derivative of j**4/12 + 7*j**3/3 - j**2 - 4*j - 33. Determine q(-10).
-42
Let f(o) = -2*o - 8. Let n = 6 + -1. Let q(c) = n + 5*c - 9*c + 7 + 3*c. Let r be q(18). Give f(r).
4
Let v(j) = -2*j + 8. Suppose 0 = -4*a + 4, -5*i + 2*i = 4*a - 136. Suppose 0 = r - 6*r - b + i, 2*r + b = 20. Give v(r).
-8
Let w(h) = -h**3 - 5*h**2 - 2*h - 4. Let o(n) = -4*n**2 + 3*n - 3. Let x be o(2). Let d be (-11 - x) + 1*-7. What is w(d)?
6
Suppose 1 = -5*c - 4. Let i(h) be the third derivative of 1/30*h**5 + 0 + 19*h**2 + 1/6*h**3 + 1/40*h**6 + 0*h + 1/12*h**4. Calculate i(c).
-2
Let d(u) = -u**2 - 1 - 4 + 7. Give d(-2).
-2
Let v(r) = -r**2 + 3*r - 2. Let m(n) = n**2 - n + 3. Let i be m(-